f 5012576?
1
What is the hundreds digit of 229763?
7
What is the ten thousands digit of 598817?
9
What is the hundred thousands digit of 1037236?
0
What is the units digit of 11444419?
9
What is the thousands digit of 452366?
2
What is the tens digit of 9471945?
4
What is the hundred thousands digit of 2123147?
1
What is the thousands digit of 2538454?
8
What is the units digit of 2942859?
9
What is the ten thousands digit of 2496033?
9
What is the tens digit of 788887?
8
What is the units digit of 1928225?
5
What is the millions digit of 1647669?
1
What is the thousands digit of 4387369?
7
What is the hundred thousands digit of 539550?
5
What is the ten millions digit of 10767616?
1
What is the units digit of 181120?
0
What is the thousands digit of 10549362?
9
What is the hundreds digit of 1537644?
6
What is the tens digit of 270690?
9
What is the thousands digit of 17525922?
5
What is the hundreds digit of 456439?
4
What is the units digit of 687596?
6
What is the hundred thousands digit of 637636?
6
What is the units digit of 1880796?
6
What is the thousands digit of 3342104?
2
What is the hundreds digit of 271299?
2
What is the units digit of 1524571?
1
What is the units digit of 1451397?
7
What is the hundreds digit of 96844?
8
What is the millions digit of 4169131?
4
What is the hundreds digit of 758293?
2
What is the thousands digit of 27926389?
6
What is the units digit of 1480232?
2
What is the units digit of 10514351?
1
What is the tens digit of 4551458?
5
What is the units digit of 6296087?
7
What is the hundred thousands digit of 200932?
2
What is the hundred thousands digit of 9204437?
2
What is the millions digit of 4730099?
4
What is the hundred thousands digit of 804047?
8
What is the units digit of 21401356?
6
What is the hundreds digit of 3255?
2
What is the units digit of 291940?
0
What is the ten thousands digit of 6836411?
3
What is the hundreds digit of 2806426?
4
What is the millions digit of 2848685?
2
What is the hundreds digit of 848457?
4
What is the tens digit of 158095?
9
What is the millions digit of 11136817?
1
What is the ten thousands digit of 106543?
0
What is the hundreds digit of 1216658?
6
What is the hundreds digit of 176334?
3
What is the hundred thousands digit of 4670763?
6
What is the ten thousands digit of 1796744?
9
What is the ten thousands digit of 2829386?
2
What is the tens digit of 316051?
5
What is the hundreds digit of 26850463?
4
What is the units digit of 129587?
7
What is the hundreds digit of 294646?
6
What is the hundred thousands digit of 141967?
1
What is the tens digit of 8441?
4
What is the ten thousands digit of 262560?
6
What is the units digit of 343933?
3
What is the thousands digit of 13072794?
2
What is the millions digit of 21884075?
1
What is the hundred thousands digit of 2418138?
4
What is the hundreds digit of 4227969?
9
What is the hundreds digit of 815812?
8
What is the thousands digit of 1006233?
6
What is the millions digit of 1159590?
1
What is the tens digit of 158983?
8
What is the ten millions digit of 19187109?
1
What is the thousands digit of 15978106?
8
What is the tens digit of 195125?
2
What is the tens digit of 11369090?
9
What is the tens digit of 95952?
5
What is the hundred thousands digit of 2341700?
3
What is the ten thousands digit of 33921?
3
What is the units digit of 4486164?
4
What is the tens digit of 55900?
0
What is the hundreds digit of 41465?
4
What is the thousands digit of 8935?
8
What is the units digit of 371524?
4
What is the hundred thousands digit of 1042516?
0
What is the tens digit of 2144721?
2
What is the ten thousands digit of 881059?
8
What is the tens digit of 116391?
9
What is the tens digit of 276913?
1
What is the hundreds digit of 4776226?
2
What is the hundred thousands digit of 312633?
3
What is the millions digit of 1929029?
1
What is the tens digit of 2428783?
8
What is the thousands digit of 33438?
3
What is the ten thousands digit of 89803?
8
What is the hundred thousands digit of 126046?
1
What is the tens digit of 8318594?
9
What is the hundred thousands digit of 780614?
7
What is the ten thousands digit of 278234?
7
What is the thousands digit of 218877?
8
What is the hundreds digit of 23687163?
1
What is the hundreds digit of 157316?
3
What is the units digit of 641444?
4
What is the thousands digit of 14146?
4
What is the millions digit of 18423946?
8
What is the units digit of 14617295?
5
What is the ten thousands digit of 394053?
9
What is the hundred thousands digit of 7277505?
2
What is the thousands digit of 60469?
0
What is the ten thousands digit of 21132140?
3
What is the units digit of 1377795?
5
What is the tens digit of 296176?
7
What is the hundred thousands digit of 268160?
2
What is the hundreds digit of 548402?
4
What is the tens digit of 120552?
5
What is the hundred thousands digit of 6848759?
8
What is the units digit of 6692587?
7
What is the tens digit of 736444?
4
What is the hundred thousands digit of 13595721?
5
What is the units digit of 879416?
6
What is the tens digit of 3535375?
7
What is the hundreds digit of 245804?
8
What is the hundreds digit of 7742588?
5
What is the hundreds digit of 156723?
7
What is the ten thousands digit of 3854733?
5
What is the tens digit of 15479629?
2
What is the units digit of 166025?
5
What is the ten thousands digit of 39750?
3
What is the tens digit of 120452?
5
What is the hundred thousands digit of 3997907?
9
What is the units digit of 1746902?
2
What is the hundred thousands digit of 292159?
2
What is the hundred thousands digit of 1622630?
6
What is the ten thousands digit of 228056?
2
What is the ten thousands digit of 465758?
6
What is the ten thousands digit of 165737?
6
What is the hundred thousands digit of 23693431?
6
What is the ten thousands digit of 16232020?
3
What is the tens digit of 13672661?
6
What is the hundreds digit of 19335?
3
What is the hundreds digit of 6337944?
9
What is the hundred thousands digit of 285511?
2
What is the ten thousands digit of 2273519?
7
What is the units digit of 98954?
4
What is the millions digit of 2008006?
2
What is the ten thousands digit of 90646?
9
What is the millions digit of 9172522?
9
What is the thousands digit of 402957?
2
What is the ten thousands digit of 159393?
5
What is the units digit of 360340?
0
What is the ten thousands digit of 247985?
4
What is the thousands digit of 251732?
1
What is the hundreds digit of 89396?
3
What is the hundreds digit of 24851?
8
What is the hundred thousands digit of 118314?
1
What is the hundreds digit of 359796?
7
What is the hundreds digit of 1413784?
7
What is the hundred thousands digit of 26967104?
9
What is the ten thousands digit of 2146988?
4
What is the millions digit of 1159337?
1
What is the units digit of 1010130?
0
What is the tens digit of 6530682?
8
What is the units digit of 464558?
8
What is the thousands digit of 223425?
3
What is the hundreds digit of 72730?
7
What is the ten thousands digit of 135803?
3
What is the millions digit of 3541600?
3
What is the ten thousands digit of 3242523?
4
What is the hundred thousands digit of 4019908?
0
What is the hundreds digit of 2951499?
4
What is the millions digit of 6093077?
6
What is the units digit of 2550791?
1
What is the ten thousands digit of 468744?
6
What is the hundred thousands digit of 903085?
9
What is the ten thousands digit of 44187?
4
What is the tens digit of 176305?
0
What is the ten thousands digit of 172271?
7
What is the thousands digit of 1361034?
1
What is the thousands digit of 6258083?
8
What is the hundred thousands digit of 14243097?
2
What is the tens digit of 1155832?
3
What is the millions digit of 9996681?
9
What is the ten thousands digit of 228143?
2
What is the hundreds digit of 1349451?
4
What is the ten thousands digit of 12632149?
3
What is the tens digit of 353675?
7
What is the tens digit of 107664?
6
What is the ten thousands digit of 1041005?
4
What is the hundred thousands digit of 778517?
7
What is the thousands digit of 16033640?
3
What is the hundreds digit of 93093?
0
What is the hundred thousands digit of 375068?
3
What is the units digit of 10611742?
2
What is the units digit of 164046?
6
What is the tens digit of 10740887?
8
What is the hundred th